).
4
Let l(t) = -t**2 - 33*t + 225. Give l(-39).
-9
Let d(u) = 2*u**3 + 8*u**2 + 6. Calculate d(-5).
-44
Let b(t) = -18*t - 45. Give b(-2).
-9
Let i(a) = -a**3 - 16*a**2 - 2*a - 18. Give i(-16).
14
Let b(r) = r**3 + 15*r**2 + 51*r - 25. Calculate b(-6).
-7
Let f(g) = g**3 - 9*g**2 + 2*g - 12. Calculate f(9).
6
Let a(f) = -f**3 - 2*f**2 - 5*f - 6. Determine a(-2).
4
Let t(z) = -2*z**3 + 8*z**2 - 6*z + 16. What is t(3)?
16
Let n(i) = -i**2 - 16*i + 3. Calculate n(-16).
3
Let k(f) = f**3 - 32*f**2 + 60*f + 26. Determine k(30).
26
Let i(v) = 13*v + 62. Determine i(-12).
-94
Let r(y) = y**2 - 23*y - 144. Determine r(-5).
-4
Let f(z) = -19*z - 2. What is f(-2)?
36
Let n(z) = -z - 4. Calculate n(10).
-14
Let a(u) = 2*u**2 + 4*u - 17. Calculate a(-4).
-1
Let c(g) = -9*g - 209. Calculate c(-23).
-2
Let k(l) = -l**2 + 11*l - 29. Give k(7).
-1
Let p(q) = q**3 - 11*q**2 + q - 15. What is p(11)?
-4
Let z(w) = -7*w + 82. Determine z(14).
-16
Let y(i) = -4*i - 12. What is y(-2)?
-4
Let r(n) = n**3 - 14*n**2 + 27*n + 2. Determine r(4).
-50
Let w(l) = 4*l**3 - 3*l**2 + l + 2. Give w(2).
24
Let l(u) = -u + 3. Give l(10).
-7
Let d(i) = i**3 + i - 5. What is d(2)?
5
Let n(u) = u**3 - 37*u**2 + 69*u + 1. Calculate n(35).
-34
Let a(y) = 5*y. What is a(-1)?
-5
Let z(s) = s**3 + s**2 - 2*s - 1. Determine z(-1).
1
Let h(c) = -4*c + 9. What is h(5)?
-11
Let c(o) = -o**3 + 7*o**2 + o - 6. Calculate c(7).
1
Let a(f) = -f + 7. What is a(6)?
1
Let h(i) = 20*i + 109. Give h(-5).
9
Let x(a) = -2*a - 1. Determine x(0).
-1
Let d(n) = -n**2 + 6*n - 5. Determine d(9).
-32
Let w(a) = -a**3 + 16*a**2 + a - 18. What is w(16)?
-2
Let k(f) = f + 6. Calculate k(-31).
-25
Let r(v) = v**2 + 9*v + 16. Determine r(-7).
2
Let q(a) = 3*a**2 - 42*a + 72. What is q(12)?
0
Let c(f) = -24*f + 388. Calculate c(16).
4
Let b(k) = -k**2 - 5*k. Give b(4).
-36
Let y(f) = f + 2. Give y(-6).
-4
Let w(p) = p**2 - 28*p - 47. Calculate w(30).
13
Let w(g) = -g**3 + 7*g**2 + 7*g - 4. What is w(8)?
-12
Let u(y) = 50*y**3 - y**2 - y + 1. What is u(1)?
49
Let z(b) = b**3 - 4*b**2 - 8*b + 12. Calculate z(4).
-20
Let m(s) = -s**2 - 11*s - 10. What is m(-8)?
14
Let a(b) = 6*b**2 - 139*b + 13. Determine a(23).
-10
Let h(s) = 2*s**2 + 16*s - 19. What is h(-9)?
-1
Let o(d) = -d**3 + 8*d**2 + 26*d - 56. Determine o(10).
4
Let i(c) = 41*c + 3. What is i(-1)?
-38
Let s(x) = -5*x + 1. Determine s(-1).
6
Let c(h) = -h**3 + 10*h**2 + h + 12. Give c(10).
22
Let i(c) = 74*c + 437. What is i(-6)?
-7
Let x(w) = w**3 + 25*w**2 - 1. Calculate x(-25).
-1
Let j(d) = d + 4. Determine j(-16).
-12
Let v(w) = 2*w**3 - 3*w**2 - 6*w - 12. Determine v(3).
-3
Let i(d) = d - 3. Give i(0).
-3
Let f(y) = y + 5. Determine f(-13).
-8
Let l(b) = -3*b**2 + 15*b + 5. Calculate l(5).
5
Let s(p) = -2*p**2 + 59*p + 124. Calculate s(-2).
-2
Let u(k) = k**3 + 25*k**2 + 25*k + 17. Calculate u(-24).
-7
Let o(a) = a**3 - 4*a**2 + 6*a - 7. Determine o(4).
17
Let w(c) = c**3 - 12*c**2 + 16*c - 14. Give w(10).
-54
Let x(o) = -23*o + 10. Calculate x(-3).
79
Let n(g) = -g**3 - g**2 - 2*g + 2. What is n(-2)?
10
Let p(m) = m**3 + 8*m**2 - 10. Calculate p(-7).
39
Let a(x) = 16*x + 105. Calculate a(-7).
-7
Let z(s) = s**2 + 8*s + 10. Determine z(-7).
3
Let i(k) = 4*k - 2. Give i(6).
22
Let t(l) = -2*l - 7. Determine t(-8).
9
Let f(h) = h**2 + 5*h + 12. What is f(-6)?
18
Let a(o) = o**3 + 7*o**2 - 8*o + 12. Give a(-8).
12
Let k(v) = 3*v**2 + 184*v - 134. Calculate k(-62).
-10
Let o(b) = b**2 + 14*b + 15. Calculate o(-13).
2
Let x(k) = 8*k**2 - 31*k - 5. Give x(6).
97
Let l(i) = 36*i**2 + 2*i + 1. Calculate l(-1).
35
Let x(w) = 3*w**2 - 5*w + 11. Calculate x(5).
61
Let g(m) = m**3 + 4*m**2 - m + 5. Calculate g(-4).
9
Let c(v) = -v**3 + 15*v**2 - 31*v + 75. Calculate c(13).
10
Let a(o) = o - 3. Calculate a(-6).
-9
Let u(t) = -t**3 - 5*t**2 + 7*t + 4. What is u(-6)?
-2
Let j(c) = -c**2 + c + 61. Calculate j(-7).
5
Let b(x) = x**2 - 2*x - 6. Determine b(5).
9
Let g(x) = x**3 + 6*x**2 - 3*x - 2. Determine g(-6).
16
Let l(o) = -o**3 + 10*o**2 - 18*o + 180. Calculate l(10).
0
Let q(g) = g**3 - 7*g**2 - 8*g - 9. Give q(8).
-9
Let i(y) = -y**3 + 2*y + 28. Calculate i(0).
28
Let q(p) = 5*p**3 - 1. Determine q(-1).
-6
Let f(m) = 2*m**2 + 2*m + 2. Give f(-2).
6
Let b(w) = -2*w**2 - w + 5. Determine b(-3).
-10
Let l(s) = -4*s + 16. Calculate l(5).
-4
Let b(t) = -2*t**2 - 91*t + 146. Determine b(-47).
5
Let p(j) = -j**2 - 5*j - 1. Give p(-9).
-37
Let h(d) = -d**2 - 7. What is h(-6)?
-43
Let q(a) = -a**2 + 14*a + 67. Give q(19).
-28
Let y(n) = -n**3 + 18*n**2 + 15*n + 75. Determine y(19).
-1
Let m(q) = q**3 + q**2 - 9. Give m(0).
-9
Let s(b) = b + 12. What is s(-11)?
1
Let p(c) = 28*c + 8. Determine p(-2).
-48
Let l(u) = u**2 - 22*u + 32. What is l(21)?
11
Let z(b) = -2*b - 19. Give z(-6).
-7
Let l(h) = -3*h + 12. What is l(7)?
-9
Let h(y) = 11*y - 3. Calculate h(-3).
-36
Let s(l) = l**3 - 22*l**2 + 23*l - 38. Calculate s(21).
4
Let o(p) = -13*p. What is o(5)?
-65
Let v(f) = 25*f**3 - 2*f**2 - f + 3. Determine v(1).
25
Let r(u) = -3*u**2 - 9*u + 3. What is r(4)?
-81
Let d(u) = u**2 - 5*u + 4. Determine d(5).
4
Let y(l) = -l**3 - 3*l**2 + 2*l - 5. Calculate y(-4).
3
Let a(g) = g**2 - 3*g + 3. Calculate a(1).
1
Let h(z) = -z - 5. What is h(-7)?
2
Let v(d) = d**3 - 2*d**2 + 10*d - 1. Calculate v(4).
71
Let s(x) = -4*x**2 + 2*x + 3. Determine s(-1).
-3
Let z(j) = 152*j - 297. Determine z(2).
7
Let i(c) = c**2 - 11*c + 48. Determine i(9).
30
Let i(p) = 16*p**3 + p**2 - 2*p. Determine i(1).
15
Let m(n) = -2*n**3 + 8*n**2 + 8. What is m(4)?
8
Let q(z) = -z**2 + 8*z + 2. Determine q(7).
9
Let o(n) = -n**2 + n + 2. Calculate o(3).
-4
Let a(v) = -v**2 - 2*v - 5. What is a(0)?
-5
Let m(i) = i + 7. Give m(-10).
-3
Let m(a) = 4*a**2 + 22*a + 6. Determine m(-7).
48
Let p(h) = h**3 - h**2 + 5*h - 1. Give p(5).
124
Let c(v) = v**2 - 6*v + 5. Determine c(3).
-4
Let q(y) = -2*y**2 - 8*y - 4. Calculate q(-5).
-14
Let z(j) = -j**2 + 8*j + 1. Calculate z(9).
-8
Let d(i) = i**2 + 4*i - 13. Determine d(-7).
8
Let q(s) = s**2 - 7*s + 4. Calculate q(5).
-6
Let p(a) = a**2 - 5*a - 5. Calculate p(7).
9
Let a(q) = q**2 + 12*q - 40. Give a(-13).
-27
Let n(v) = 15*v - 19. Determine n(1).
-4
Let j(z) = z**2 - 4*z + 9. Give j(4).
9
Let t(u) = 16*u + 8. What is t(-3)?
-40
Let o(s) = -s**3 + 3*s**2 + 2*s - 1. Give o(2).
7
Let y(i) = 2*i**2 + 29*i - 13. Determine y(-14).
-27
Let j(v) = v**3 - 5*v**2 + 6*v - 3. Give j(2).
-3
Let t(j) = 20*j + 87. Give t(-3).
27
Let t(n) = 8*n**2 + 1. What is t(1)?
9
Let n(t) = 3*t + 44. Calculate n(-15).
-1
Let s(m) = -m - 6. Calculate s(7).
-13
Let n(g) = -g**3 + 3*g**2 + 3*g + 9. Give n(4).
5
Let g(c) = 2*c + 4. Determine g(1).
6
Let p(h) = h + 5. Calculate p(-6).
-1
Let r(b) = -9*b - 27. Determine r(-6).
27
Let r(x) = -x - 30. Give r(-12).
-18
Let x(u) = 6*u**2. Calculate x(1).
6
Let x(w) = -w**3 + 5*w**2 - 3*w + 12. Give x(5).
-3
Let d(p) = 18*p**2. Give d(-1).
18
Let w(i) = -i**3 - i**2 + 6*i - 3. Give w(-4).
21
Let f(n) = -n**2 + 6*n - 5. Calculate f(6).
-5
Let b(v) = v**3 - 3*v**2 - 5*v - 2. Calculate b(5).
23
Let d(b) = -b**2 + 4*b + 32. What is d(12)?
-64
Let c(o) = o**3 - 5*o + 7. What is c(2)?
5
Let d(k) = -k**3 + 14*k**2 - 10*k - 3. Calculate d(13).
36
Let w(h) = h**3 - 3*h**2 + 7*h - 17. Give w(3).
4
Let j(p) = -6*p + 44. Give j(7).
2
Let i(t) = t**3 - 37*t**2 - 77*t - 37. Give i(39).
2
Let x(c) = -3*c - 31. Calculate x(-10).
-1
Let j(l) = 21*l**2 + 2*l - 3. Give j(1).
20
Let o(h) = 6*h**2 - 16*h + 14. What is o(3)?
20
Let w(r) = -r**2 + 5*r - 1. Calculate w(2).
5
Let x(y) = -y**3 + 9*y**2 + 15*y - 8. Give x(10).
42
Let d(j) = 4*j - 20. Determine d(6).
4
Let q(x) = -x**3 + 10*x**2 + x - 10. Determine q(10).
0
Let v(a) = a**3 - 3*a**2 - 6*a + 9. What is v(4)?
1
Let w(u) = 135*u**2 - 3*u - 2. Determine w(-1).
136
Let m(i) = -i**2 - 18*i - 41. Determine m(-3).
4
Let j(k) = -k**2 + 4*k + 11. What is j(6)?
-1
Let r(f) = f**2 - 25*f - 20. Determine r(26).
6
Let x(l) = 2*l**2 + 13*l + 5. Determine x(-5).
-10
Let n(g) = g + 4. What is n(2)?
6
Let j(z) = z**2 - 3*z - 3. Calculate j(4).
1
Let x(s) = -2*s + 30. Determine x(-10).
50
Let g(f) = 14*f - 365. Give g(26).
-1
Let c(z) = z**3 - 30*z**2 + 57*z - 39. Determine c(28).
-11
Let h(b) = 64*b**3 + b**2. Determine h(1).
65